 common divisor of y and i.
18
Suppose -3*f + 237 = 3*z, f - 5*z = 4*f - 245. Let h(j) = 6*j**2 - 2*j + 2. Let s be h(3). Calculate the highest common divisor of s and f.
25
Let o be (-2)/(-7) - (-96)/7. Suppose 3*a - o = 2*a. Let b be 4/14 + 5472/56. What is the highest common factor of a and b?
14
Let q be 3/2*6/(-9)*-1. What is the greatest common factor of 6 and q?
1
Suppose 2*f + f = 5*v - 28, -3*f = -12. Let n = 44 - 43. What is the greatest common factor of v and n?
1
Let y = -10 + 62. Calculate the greatest common divisor of 130 and y.
26
Let l be (-270)/(-14) - (-6)/(-21). Suppose -q - l = -107. Let a(j) = 10*j + 1. Let f be a(1). What is the highest common divisor of q and f?
11
Let r = 369 + -357. Let n be 3/(-9) - (-101)/(-3). Let j = -16 - n. What is the greatest common factor of j and r?
6
Suppose 6*g = 2*g, -25 = -q + 4*g. Calculate the greatest common divisor of q and 10.
5
Let t(c) = -2*c**3 - 4*c**2. Let k be t(-3). Let g = 19 - 0. Suppose 2*l - v = g, 3*v = 2*l - 7 - 14. Calculate the highest common factor of k and l.
9
Let b be (-1 - (-99)/(-6))*-4. What is the highest common divisor of 10 and b?
10
Suppose -5*b = 20, b = -v - 2*v + 56. Calculate the greatest common factor of 4 and v.
4
Let z = 1 - -1. Let y be 2/4 + 63/(-6). Let p = y + 28. Calculate the greatest common factor of z and p.
2
Let j = -92 + 222. Calculate the highest common factor of j and 26.
26
Suppose 432 = 3*w + w - i, 432 = 4*w - 5*i. Calculate the greatest common divisor of 27 and w.
27
Let q = 350 + -519. Let c = q + 316. What is the highest common divisor of c and 21?
21
Let w be (4 - (-1 - -3)) + 58. Let x(a) = 0*a**2 + w - a**2 + 72. Let b be x(0). Calculate the highest common divisor of b and 12.
12
Let u = -13 - -27. Let r = 2 + -2. Let m be (126 - r)*2/2. Calculate the highest common divisor of m and u.
14
Let n = 0 - -1. Suppose -v = 3*v + 3*z - n, 5 = -5*v - 5*z. Suppose 0 = 4*b - v*t - 64, -b - 5*t - 5 = 3. What is the highest common factor of 18 and b?
6
Let m(d) = -d**3 - d**2 + 80. Let z be m(0). Let o = -38 + 70. Calculate the greatest common divisor of z and o.
16
Let z(f) = 3 + 3 - 2 - 17*f. Let v be z(-4). What is the greatest common factor of 12 and v?
12
Let p(c) = 2 - 102*c + 1 + 22*c - 2. Let v be p(1). Let t = -45 - v. What is the greatest common factor of 51 and t?
17
Let b(p) = 30*p**2 - 2*p + 1. Let h be b(1). What is the highest common factor of 319 and h?
29
Suppose -2*r - 3*u = -7, 5*r - 2*u = 32 + 33. Let f(g) = g**3 - 10*g**2 - 9*g - 14. Let m be f(r). Calculate the greatest common factor of m and 88.
8
Let i be 27 + 0 + (1 - 2). Calculate the highest common factor of i and 65.
13
Let y(l) = l + 9. Let f be y(-9). Suppose m - 3*m + 12 = f. Calculate the greatest common factor of m and 6.
6
Suppose -3 = 3*j - 93. Suppose -38 = -3*n + 7. What is the highest common factor of n and j?
15
Let h be 33/(2/60*3). Suppose -4*n = -5*t - 665, -2*n + 3*t + h = t. Calculate the greatest common divisor of 20 and n.
20
Suppose 0 = 4*j - 2*j. Let x be (j + 2*1)*5. Suppose 3*z - 5*z = -60. What is the greatest common factor of x and z?
10
Let d be 0 + 2 - (7 + -4). Let x(z) = 8*z**3 - z**2 - 2*z - 1. Let y be x(d). Let n be (3/(-3) - y) + 2. What is the highest common divisor of n and 27?
9
Let p = 66 - 22. Let h = -2 + -1. Let q(v) = v**3 + 3*v**2 - 5*v - 4. Let l be q(h). What is the greatest common factor of l and p?
11
Suppose i + 16 = 5*i. Calculate the highest common factor of 6 and i.
2
Let r be ((-155)/10)/(2/(-12)). Calculate the highest common factor of r and 31.
31
Let v = 56 - 44. Calculate the greatest common factor of 18 and v.
6
Let d(j) = -j + 18. Let a be d(8). Suppose 0 = -4*o + 2*o + a. Calculate the greatest common divisor of o and 45.
5
Let c = 136 + -59. Let r = c + -55. Calculate the highest common divisor of r and 2.
2
Let q = 61 + -16. What is the greatest common divisor of 5 and q?
5
Suppose -225 = -5*c - 5*x, -8*c + 12*c - 185 = x. Calculate the highest common factor of c and 69.
23
Let n = -6 - -10. Suppose v + k = 3*v - 8, 5*v - 5*k = 10. What is the greatest common factor of n and v?
2
Let i be -1 + 1 + -9 + 261. Calculate the highest common divisor of 28 and i.
28
Let a(c) = 2*c - 2. Let k be a(-2). Let o be (-2)/k - (-6)/9. Suppose -5 = 5*u, -u = -3*z - 5*u - o. What is the greatest common divisor of 8 and z?
1
Let y(h) = 14*h + 4. Let i be y(4). Calculate the greatest common divisor of 6 and i.
6
Suppose -g - g = 4*t - 6, 0 = -5*g - 25. What is the greatest common factor of 28 and t?
4
Let p(a) = -a**3 - 4*a**2 - 2*a + 1. Let s = 5 + -10. Let y be p(s). Let b be (-78)/13*(-1 - 1). What is the greatest common factor of y and b?
12
Let h = 82 + -34. Suppose c + h = 4*c. What is the highest common divisor of c and 24?
8
Suppose 0 = -5*c + 873 - 158. Let b(v) = v**3 - 4*v**2 - 7*v - 4. Let q be b(6). Suppose 2*s - 4*s = -q. Calculate the greatest common divisor of s and c.
13
Let x(u) = u**3 + 8*u**2 + 3*u + 6. Let l be x(-6). Calculate the greatest common factor of l and 12.
12
Let i = -12 - -16. Calculate the greatest common divisor of i and 36.
4
Let h(t) = t + 4. Let w be h(16). Suppose w = 4*p - 3*d, 3*p + 5*d = -p - 12. Calculate the greatest common divisor of 1 and p.
1
Suppose 0 = -3*w - 0*w - 162. Let b = w - -150. What is the highest common factor of b and 12?
12
Let g(c) be the second derivative of -c**5/20 + c**4/4 + c**3/2 + 5*c**2/2 - 3*c. Let s be g(4). Calculate the highest common factor of s and 2.
1
Let m = 161 + -137. Suppose -4*d + 854 = 2*v, 3*d - 457 = d + 5*v. What is the highest common divisor of d and m?
24
Let p = 53 + -43. What is the highest common factor of 35 and p?
5
Let r be 1/(2*2/40). Let q(d) = -d - 4. Let x be q(-6). Let v = r + x. What is the highest common divisor of v and 12?
12
Let n be (-164)/(-24) + (-7)/(-42). Calculate the greatest common divisor of n and 7.
7
Let u(t) = 3*t - 1. Let y be u(8). Calculate the greatest common factor of y and 23.
23
Let a be 86 - (-4)/(20/25). What is the highest common divisor of a and 13?
13
Suppose 4*j - 73 = -13. Calculate the highest common divisor of j and 3.
3
Let s = -3 + 12. Suppose 0*p + s = 3*p + 3*n, 5*p - 11 = -3*n. Let u = p - -19. What is the greatest common divisor of u and 140?
20
Let m(u) = 2*u - 4. Let f be m(4). Suppose f*i = 727 + 117. Let t = i - 131. What is the highest common divisor of 10 and t?
10
Suppose 5*o + 29 = 239. Let q = 68 - o. Calculate the highest common divisor of q and 26.
26
Let t = -10 + 19. Suppose h + t = 4*h. What is the greatest common divisor of h and 24?
3
Let f be 12 - (-2)/4*-4. Suppose 5*u = -2*n + 54, 0*u + u - 16 = -3*n. What is the greatest common divisor of f and u?
10
Suppose -r - 55 = 4*r. Let v = r - -19. Suppose 5*m = 89 + 271. Calculate the highest common divisor of v and m.
8
Let p be ((-48)/9)/(8/(-60)). Suppose -20 = -2*z - 2*z. Calculate the highest common factor of z and p.
5
Let c = 26 + 0. Suppose -3*r + 30 = 3*y, -7*r + 43 = 4*y - 4*r. Calculate the highest common divisor of y and c.
13
Let g = 25 - 7. Let j = g + -8. Suppose 0 = 4*x - 2*c - 198, 5*x + 3*c - 8*c - 245 = 0. What is the greatest common factor of x and j?
10
Suppose 0 = 64*f - 57*f - 119. Calculate the greatest common divisor of 68 and f.
17
Let l = 56 + -34. Calculate the highest common factor of l and 2.
2
Let i = -100 - -113. What is the greatest common divisor of 13 and i?
13
Let z(d) = -d**3 - 3*d**2 - d - 6. Let o be z(-5). Calculate the highest common factor of o and 7.
7
Suppose 0 = 4*k + q - 45, -2*q - 2*q + 20 = 0. Calculate the greatest common factor of 2 and k.
2
Let q(y) be the second derivative of -2*y**3 + 3*y**2/2 - 3*y. Let t be q(-3). Let z(a) = 2*a + 3. Let m be z(5). What is the highest common divisor of m and t?
13
Let b(p) = 15*p. Let n be b(6). Let z be 20/4 - 3 - -34. Calculate the greatest common divisor of n and z.
18
Let z be -2 + (-1 - (-2 + -29)). Suppose -33 = -2*k + 3*m, -2*m - z = -4*k + 18. What is the highest common divisor of 63 and k?
9
Suppose -4 + 7 = 3*h. Calculate the greatest common factor of 8 and h.
1
Let k be (-69)/(-2) + (-6)/(-4). Let a be (-52)/(-65)*(-1 + 4*4). Calculate the greatest common factor of a and k.
12
Let i = 11 + -6. Suppose -2*u - i*x = -u - 12